
What is the remainder when 831 is divided by 64?
63
What is the remainder when 319 is divided by 153?
13
Calculate the remainder when 22 is divided by 10.
2
What is the remainder when 131 is divided by 64?
3
What is the remainder when 155 is divided by 60?
35
What is the remainder when 4209 is divided by 26?
23
Calculate the remainder when 15584 is divided by 143.
140
Calculate the remainder when 423 is divided by 320.
103
What is the remainder when 4782 is divided by 44?
30
Calculate the remainder when 153 is divided by 13.
10
What is the remainder when 1403 is divided by 64?
59
Calculate the remainder when 134 is divided by 74.
60
What is the remainder when 540 is divided by 16?
12
Calculate the remainder when 5261 is divided by 19.
17
What is the remainder when 818 is divided by 7?
6
Calculate the remainder when 1425 is divided by 243.
210
What is the remainder when 60 is divided by 16?
12
Calculate the remainder when 648 is divided by 269.
110
What is the remainder when 548 is divided by 113?
96
What is the remainder when 1483 is divided by 1470?
13
Calculate the remainder when 525 is divided by 16.
13
Calculate the remainder when 121 is divided by 116.
5
What is the remainder when 6852 is divided by 77?
76
What is the remainder when 3142 is divided by 37?
34
What is the remainder when 7727 is divided by 28?
27
Calculate the remainder when 367 is divided by 106.
49
What is the remainder when 3700 is divided by 218?
212
Calculate the remainder when 49 is divided by 13.
10
Calculate the remainder when 2494 is divided by 2479.
15
Calculate the remainder when 226 is divided by 38.
36
Calculate the remainder when 115 is divided by 95.
20
Calculate the remainder when 148 is divided by 20.
8
What is the remainder when 1619 is divided by 90?
89
What is the remainder when 1250 is divided by 9?
8
Calculate the remainder when 1135 is divided by 1131.
4
What is the remainder when 266 is divided by 12?
2
Calculate the remainder when 196 is divided by 42.
28
What is the remainder when 24 is divided by 17?
7
Calculate the remainder when 8 is divided by 1.
0
What is the remainder when 311 is divided by 26?
25
What is the remainder when 117 is divided by 25?
17
What is the remainder when 496 is divided by 1?
0
Calculate the remainder when 2038 is divided by 120.
118
What is the remainder when 2116 is divided by 48?
4
Calculate the remainder when 1907 is divided by 106.
105
What is the remainder when 3166 is divided by 39?
7
Calculate the remainder when 171 is divided by 92.
79
Calculate the remainder when 1738 is divided by 6.
4
Calculate the remainder when 657 is divided by 11.
8
Calculate the remainder when 1463 is divided by 24.
23
Calculate the remainder when 246 is divided by 19.
18
What is the remainder when 3772 is divided by 34?
32
Calculate the remainder when 244 is divided by 43.
29
Calculate the remainder when 297 is divided by 15.
12
What is the remainder when 1737 is divided by 13?
8
What is the remainder when 3806 is divided by 30?
26
What is the remainder when 172 is divided by 6?
4
Calculate the remainder when 3316 is divided by 194.
18
Calculate the remainder when 109 is divided by 22.
21
Calculate the remainder when 520 is divided by 148.
76
Calculate the remainder when 2735 is divided by 1365.
5
What is the remainder when 285 is divided by 26?
25
What is the remainder when 313 is divided by 43?
12
What is the remainder when 540 is divided by 26?
20
What is the remainder when 118 is divided by 42?
34
Calculate the remainder when 370 is divided by 93.
91
Calculate the remainder when 96 is divided by 40.
16
What is the remainder when 644 is divided by 17?
15
Calculate the remainder when 125 is divided by 69.
56
Calculate the remainder when 265 is divided by 26.
5
Calculate the remainder when 29 is divided by 25.
4
What is the remainder when 1708 is divided by 847?
14
Calculate the remainder when 310 is divided by 13.
11
What is the remainder when 251 is divided by 27?
8
What is the remainder when 2 is divided by 2?
0
Calculate the remainder when 701 is divided by 18.
17
Calculate the remainder when 142 is divided by 98.
44
What is the remainder when 5057 is divided by 44?
41
Calculate the remainder when 20857 is divided by 20.
17
Calculate the remainder when 1088 is divided by 12.
8
What is the remainder when 1178 is divided by 21?
2
What is the remainder when 831 is divided by 55?
6
Calculate the remainder when 185 is divided by 49.
38
Calculate the remainder when 500 is divided by 48.
20
Calculate the remainder when 405 is divided by 40.
5
Calculate the remainder when 6390 is divided by 34.
32
Calculate the remainder when 271 is divided by 13.
11
What is the remainder when 41 is divided by 21?
20
What is the remainder when 88 is divided by 61?
27
What is the remainder when 243 is divided by 135?
108
Calculate the remainder when 452 is divided by 22.
12
What is the remainder when 163 is divided by 20?
3
Calculate the remainder when 2122 is divided by 118.
116
Calculate the remainder when 144 is divided by 107.
37
Calculate the remainder when 1 is divided by 1.
0
Calculate the remainder when 1833 is divided by 9.
6
What is the remainder when 22 is divided by 12?
10
What is the remainder when 4595 is divided by 47?
36
What is the remainder when 268 is divided by 34?
30
What is the remainder when 266 is divided by 134?
132
What is the remainder when 528 is divided by 109?
92
What is the remainder when 416 is divided by 21?
17
Calculate the remainder when 2604 is divided by 218.
206
Calculate the remainder when 496 is divided by 71.
70
Calculate the remainder when 777 is divided by 10.
7
What is the remainder when 3222 is divided by 112?
86
Calculate the remainder when 7172 is divided by 34.
32
Calculate the remainder when 90 is divided by 35.
20
Calculate the remainder when 208 is divided by 35.
33
What is the remainder when 627 is divided by 105?
102
What is the remainder when 583 is divided by 290?
3
Calculate the remainder when 189 is divided by 66.
57
Calculate the remainder when 242 is divided by 37.
20
Calculate the remainder when 1231 is divided by 77.
76
What is the remainder when 67 is divided by 15?
7
What is the remainder when 365 is divided by 46?
43
What is the remainder when 25 is divided by 24?
1
What is the remainder when 1014 is divided by 489?
36
What is the remainder when 316 is divided by 10?
6
Calculate the remainder when 354 is divided by 72.
66
Calculate the remainder when 49 is divided by 36.
13
Calculate the remainder when 67 is divided by 21.
4
Calculate the remainder when 248 is divided by 248.
0
What is the remainder when 1351 is divided by 11?
9
What is the remainder when 1731 is divided by 548?
87
What is the remainder when 670 is divided by 8?
6
What is the remainder when 687 is divided by 187?
126
What is the remainder when 52783 is divided by 15?
13
What is the remainder when 1153 is divided by 17?
14
What is the remainder when 108 is divided by 14?
10
What is the remainder when 6547 is divided by 13?
8
Calculate the remainder when 10474 is divided by 54.
52
What is the remainder when 657 is divided by 20?
17
What is the remainder when 577 is divided by 58?
55
Calculate the remainder when 115 is divided by 112.
3
What is the remainder when 17872 is divided by 275?
272
What is the remainder when 332 is divided by 59?
37
What is the remainder when 1381 is divided by 3?
1
What is the remainder when 133 is divided by 15?
13
What is the remainder when 995 is divided by 243?
23
Calculate the remainder when 737 is divided by 84.
65
What is the remainder when 1263 is divided by 8?
7
Calculate the remainder when 291 is divided by 59.
55
Calculate the remainder when 56 is divided by 41.
15
What is the remainder when 59 is divided by 34?
25
Calculate the remainder when 9378 is divided by 113.
112
What is the remainder when 2067 is divided by 70?
37
Calculate the remainder when 205 is divided by 30.
25
Calculate the remainder when 4078 is divided by 239.
15
Calculate the remainder when 3373 is divided by 135.
133
Calculate the remainder when 6456 is divided by 3228.
0
What is the remainder when 639 is divided by 38?
31
What is the remainder when 632 is divided by 209?
5
What is the remainder when 855 is divided by 1